f 1608447578?
8
What is the thousands digit of 612027688?
7
What is the ten thousands digit of 1192370205?
7
What is the hundreds digit of 29007704?
7
What is the hundred thousands digit of 212220220?
2
What is the ten thousands digit of 170531997?
3
What is the thousands digit of 1510312429?
2
What is the thousands digit of 76078355?
8
What is the hundreds digit of 221037469?
4
What is the units digit of 21345920?
0
What is the thousands digit of 1348779769?
9
What is the ten thousands digit of 79406515?
0
What is the ten thousands digit of 7234961?
3
What is the tens digit of 64320444?
4
What is the ten thousands digit of 453136163?
3
What is the millions digit of 12635395?
2
What is the hundred thousands digit of 76983620?
9
What is the ten millions digit of 3844244939?
4
What is the thousands digit of 216848995?
8
What is the hundreds digit of 287091230?
2
What is the hundred millions digit of 2130479760?
1
What is the units digit of 4537465?
5
What is the millions digit of 810936208?
0
What is the tens digit of 383745?
4
What is the ten millions digit of 1295727284?
9
What is the hundred millions digit of 113887900?
1
What is the ten thousands digit of 2013905994?
0
What is the hundred thousands digit of 176536998?
5
What is the thousands digit of 758156372?
6
What is the units digit of 34318785?
5
What is the tens digit of 388628180?
8
What is the millions digit of 348972393?
8
What is the thousands digit of 690755502?
5
What is the tens digit of 971971839?
3
What is the hundred thousands digit of 450631694?
6
What is the hundred thousands digit of 37403293?
4
What is the ten millions digit of 1713046054?
1
What is the ten thousands digit of 36541231?
4
What is the ten thousands digit of 165683014?
8
What is the ten thousands digit of 133046110?
4
What is the thousands digit of 1238200321?
0
What is the ten millions digit of 75655457?
7
What is the thousands digit of 1749187371?
7
What is the units digit of 12344645?
5
What is the hundreds digit of 1079399597?
5
What is the millions digit of 81737320?
1
What is the millions digit of 112361031?
2
What is the ten thousands digit of 163712152?
1
What is the hundreds digit of 5707914883?
8
What is the ten thousands digit of 119363913?
6
What is the hundred thousands digit of 209965786?
9
What is the hundred thousands digit of 5678152?
6
What is the ten thousands digit of 52844599?
4
What is the millions digit of 149971449?
9
What is the thousands digit of 90200729?
0
What is the millions digit of 12637998?
2
What is the ten thousands digit of 75871388?
7
What is the tens digit of 99813197?
9
What is the millions digit of 51421817?
1
What is the hundreds digit of 3599157290?
2
What is the thousands digit of 917294908?
4
What is the hundred thousands digit of 115057869?
0
What is the tens digit of 2715920?
2
What is the hundred millions digit of 2789159172?
7
What is the thousands digit of 26763383?
3
What is the hundred thousands digit of 323791309?
7
What is the tens digit of 47896431?
3
What is the hundred thousands digit of 200234965?
2
What is the millions digit of 491083960?
1
What is the hundreds digit of 35746072?
0
What is the ten millions digit of 3983619341?
8
What is the billions digit of 1152431652?
1
What is the ten thousands digit of 23137090?
3
What is the hundreds digit of 1288838565?
5
What is the hundred thousands digit of 72575653?
5
What is the ten thousands digit of 76123931?
2
What is the millions digit of 3256552543?
6
What is the hundreds digit of 97022258?
2
What is the ten thousands digit of 272243440?
4
What is the thousands digit of 130124870?
4
What is the millions digit of 122366767?
2
What is the hundred thousands digit of 1339735595?
7
What is the hundreds digit of 3494203061?
0
What is the hundreds digit of 638188038?
0
What is the tens digit of 59129693?
9
What is the units digit of 9833571?
1
What is the hundreds digit of 126774904?
9
What is the units digit of 1060476416?
6
What is the millions digit of 111260551?
1
What is the hundred millions digit of 519341163?
5
What is the ten millions digit of 124764509?
2
What is the ten thousands digit of 263725007?
2
What is the hundred millions digit of 334426299?
3
What is the hundreds digit of 389831607?
6
What is the hundred thousands digit of 13250937?
2
What is the thousands digit of 2217343015?
3
What is the hundred millions digit of 5502979564?
5
What is the millions digit of 404956294?
4
What is the billions digit of 2423563023?
2
What is the tens digit of 214762220?
2
What is the units digit of 18318871?
1
What is the millions digit of 398787483?
8
What is the tens digit of 840856630?
3
What is the ten millions digit of 710880261?
1
What is the hundreds digit of 423331433?
4
What is the units digit of 52240915?
5
What is the ten thousands digit of 143738394?
3
What is the ten millions digit of 128485919?
2
What is the hundreds digit of 45961139?
1
What is the tens digit of 85374334?
3
What is the thousands digit of 8541187?
1
What is the ten millions digit of 4849373221?
4
What is the tens digit of 72432559?
5
What is the thousands digit of 44927597?
7
What is the millions digit of 6536451137?
6
What is the thousands digit of 903376491?
6
What is the hundreds digit of 122280832?
8
What is the ten thousands digit of 357418651?
1
What is the thousands digit of 28282529?
2
What is the billions digit of 1370032365?
1
What is the tens digit of 687374?
7
What is the millions digit of 320004594?
0
What is the ten millions digit of 25944531?
2
What is the thousands digit of 165418354?
8
What is the millions digit of 103481433?
3
What is the millions digit of 523289358?
3
What is the thousands digit of 20289078?
9
What is the millions digit of 68913050?
8
What is the thousands digit of 36801260?
1
What is the hundred thousands digit of 2231196937?
1
What is the hundreds digit of 110389473?
4
What is the thousands digit of 350539290?
9
What is the hundred millions digit of 5675880762?
6
What is the units digit of 143576168?
8
What is the millions digit of 514357834?
4
What is the ten thousands digit of 82454305?
5
What is the tens digit of 118938889?
8
What is the units digit of 148375830?
0
What is the units digit of 16685919?
9
What is the ten millions digit of 92231968?
9
What is the tens digit of 1174258291?
9
What is the units digit of 606991777?
7
What is the ten millions digit of 522269162?
2
What is the billions digit of 4230732459?
4
What is the ten millions digit of 141763438?
4
What is the hundred thousands digit of 5805562?
8
What is the units digit of 203657542?
2
What is the units digit of 4031402753?
3
What is the thousands digit of 98757970?
7
What is the thousands digit of 2352046912?
6
What is the hundreds digit of 1036100793?
7
What is the ten millions digit of 29101056?
2
What is the units digit of 905054040?
0
What is the billions digit of 3189008527?
3
What is the ten thousands digit of 26533523?
3
What is the millions digit of 93747870?
3
What is the hundred millions digit of 875504737?
8
What is the ten thousands digit of 368886822?
8
What is the tens digit of 4992561?
6
What is the millions digit of 5006104094?
6
What is the millions digit of 300689594?
0
What is the units digit of 37039406?
6
What is the ten millions digit of 44369060?
4
What is the units digit of 1688391430?
0
What is the millions digit of 2679380710?
9
What is the millions digit of 691449187?
1
What is the millions digit of 178887495?
8
What is the hundreds digit of 53191994?
9
What is the hundreds digit of 3514373?
3
What is the hundreds digit of 357301166?
1
What is the hundred thousands digit of 1254113318?
1
What is the ten millions digit of 11429135?
1
What is the units digit of 9037473827?
7
What is the ten thousands digit of 1180518475?
1
What is the tens digit of 190834012?
1
What is the millions digit of 9276884?
9
What is the millions digit of 456994905?
6
What is the millions digit of 1274028909?
4
What is the hundred thousands digit of 80513106?
5
What is the hundred millions digit of 614308456?
6
What is the units digit of 42352618?
8
What is the thousands digit of 2990596844?
6
What is the millions digit of 5248678442?
8
What is the ten millions digit of 497883119?
9
What is the millions digit of 12034